 t?
2, 5
Let f be 369/15 + (-9)/15. Suppose 4*v + 40 = -4*c, -c - 4*c - 64 = -2*v. Let d = f + c. What are the prime factors of d?
2, 3
Suppose -4 = -i + 2*t, 4*i + 4*t - 76 = -0*t. List the prime factors of i.
2, 7
Let j(l) = -l - 5. Let s be j(-9). Suppose -s*r - 29 = -3*t, 2*r = -4*t - r + 22. What are the prime factors of t?
7
Let i(g) = -2*g**3 - 3*g**2 - 3*g. Let c be i(-2). Suppose -20 = -c*h + 6*h. What are the prime factors of h?
5
Let j be (-26)/(-6) - (-4)/(-12). Suppose b + 0*b = -4*r + 17, -j*r = -4*b + 28. What are the prime factors of b?
3
Suppose 2*f - 96 = 5*k, 3*k = 4*f + 124 - 302. List the prime factors of f.
43
Let m(z) = z**3 + 4*z**2 - 2. Let k be (-4)/10 + 72/5. Suppose -f = 4*b + k, b + 3*f = 6*b + 9. List the prime factors of m(b).
7
Suppose -275 = -4*v + a, -2*v + 4*v + 5*a = 143. List the prime factors of v.
3, 23
Suppose 2*o = -0*o + 42. List the prime factors of o.
3, 7
Suppose -6 = -h + 56. Suppose 23 = 5*u - h. What are the prime factors of u?
17
Let i be -2 - (-1)/((-1)/(-6)). Let b = -3 + i. Let a = 4 + b. List the prime factors of a.
5
Let y(l) = -l**3 + 3*l**2 + 6*l - 4. Let s be y(4). Let j be (s/6)/(4/18). Suppose -k + j = -8. List the prime factors of k.
11
Let r be 1/(-2) - (-15)/(-10). What are the prime factors of 88/12 + r/(-3)?
2
Let a(q) = q + 3. Suppose -z - 4 = -11. What are the prime factors of a(z)?
2, 5
Suppose d = 4*d - 291. List the prime factors of d.
97
Let l = -7 + 5. Let m be l/(-12) + (-50)/12. List the prime factors of (-2)/3*24/m.
2
Suppose p = 6*p. Let h = p + 13. What are the prime factors of h?
13
Let h = 14 + -5. Let q(c) = -23*c + 1. Let x be q(-1). Suppose 3*v = x + h. What are the prime factors of v?
11
Let f = -4 - -6. Suppose f*n - 8 - 24 = 0. List the prime factors of 2/9 + n/9.
2
What are the prime factors of (92/6 - 0)/((-34)/(-408))?
2, 23
Let z = -20 + 14. Let t = 8 + z. List the prime factors of t.
2
Suppose 5*y = 3*n - 4, -4*n + 2 = -4*y - 2*n. Suppose -y = k - 7. List the prime factors of k.
2, 3
Let y be (-1 - 1 - -4) + 2. List the prime factors of y/(-16) + 42/8.
5
Let b(p) = -p**3 + 7*p**2 + 3*p - 4. What are the prime factors of b(5)?
61
Suppose -4*s + 105 = -8*a + 3*a, 3*s + 5*a = 105. What are the prime factors of s?
2, 3, 5
Let x(r) = r. Let w(j) = 3. Let f(m) = -w(m) - 6*x(m). Let i be f(-6). Let t = i - 20. What are the prime factors of t?
13
Let u(o) = -3 + o**2 + 2 + 3 - 6*o. Let p be u(6). List the prime factors of 8*(-2)/(-8)*p.
2
Let b be 4 - (-1)/(0 + -1). Let f = b - 2. Suppose -q + f = -5. List the prime factors of q.
2, 3
Let v = -1 + -3. Let c(w) = w**2 - 9*w + 8. Let h be c(9). Let t = v + h. What are the prime factors of t?
2
Suppose 707 = 6*v - 85. List the prime factors of v.
2, 3, 11
Let j be 3/(-6) + (-3)/(-6). List the prime factors of (4 - (j + -3))*2.
2, 7
Suppose 3*d = 79 - 4. Let n = d + -19. What are the prime factors of n?
2, 3
Suppose 3*i + 0*i - 264 = 0. Suppose i = -3*h + 4*c, -5*h - 158 = -0*c - c. Let r = -17 - h. List the prime factors of r.
3, 5
Suppose 4*v = 42 - 106. Let d = -15 - -6. Let z = d - v. What are the prime factors of z?
7
Let c(n) be the first derivative of -2*n**2 - n + 1. List the prime factors of c(-5).
19
Let l(z) be the first derivative of -5*z**4/4 + 2*z**3/3 + z**2/2 + 1. Let c be l(-1). Suppose -c*t + 6 = -3*t. List the prime factors of t.
2
List the prime factors of (180/14)/(2/28) + -3.
3, 59
Let t be (2/(-2))/((-1)/(-2)). List the prime factors of (t - -5) + 0 + 5.
2
Suppose 3*s = 28 + 26. List the prime factors of s.
2, 3
Let d(a) = -a - 2. Let o be d(-1). Let m be (-1 - o) + 75/5. Suppose -m = -n - 4*p + 4, n - p = -1. List the prime factors of n.
3
Let b(c) = c**2 + 7*c. What are the prime factors of b(6)?
2, 3, 13
Suppose 12 + 8 = 4*x. Suppose x*k - 3*g - 111 = 0, k + 11 = 2*k + 5*g. What are the prime factors of k?
3, 7
List the prime factors of 8/(120/(-9))*-285.
3, 19
Let r be 26/6 + (-2)/6. Suppose q + 0*q = r. What are the prime factors of q?
2
Let i(h) = 11*h + 1. Let u be i(3). Suppose 2*z - j - u = j, 5*z - 2*j - 79 = 0. List the prime factors of 6/(-1 - (-21)/z).
3, 5
Let p = 63 - 43. Suppose -2 = -2*h + 2*b, -8 + p = 4*b. List the prime factors of h/(-1)*21/(-12).
7
Suppose -2*a + 3*z + 12 = 0, 2*z + 1 = -3. List the prime factors of a.
3
Suppose -4*q - 18 = 3*m - 7*q, -2*m + 23 = 5*q. Let p be (19 - 4) + m + 2. Suppose w = 2*h + 11, 2*w - p = -2*h + 4*h. List the prime factors of w.
5
Let u be (0/3 + -1)/1. Let r be (3 - 1) + (2 - u). Suppose r*x + 30 = 85. What are the prime factors of x?
11
Let y = -6 + 4. Let n = -2 - y. What are the prime factors of (n - 11)/(-3 + 2)?
11
Suppose -3*w - 182 = -5*w + 3*y, -5*w + 417 = 2*y. List the prime factors of w.
5, 17
Let a = 0 - -1. Suppose 5 - a = p. Suppose p*x + 0*x = 16. List the prime factors of x.
2
List the prime factors of -1*((-20 - -3) + 1).
2
Suppose -527 - 108 = -5*v. What are the prime factors of v?
127
Let a be (-9)/(-6)*2*-1. What are the prime factors of (-4 - (1 - 1))*a?
2, 3
Let j(f) = f**3 + 2*f**2 - 3*f + 4. Let w be j(-3). Suppose 0 = 3*g - 5*q + 17, 6*g - 2*g = w*q - 12. What are the prime factors of -4 + g + (-84)/(-6)?
11
Let u = -1 + -3. List the prime factors of 60/3 - (-1 - u).
17
Suppose 0 = 3*o - 123 - 81. Suppose -4*a = f + o - 192, -62 = -2*a + 5*f. List the prime factors of a.
31
Let o(n) = -n**3 - 10*n**2 - 20*n - 1. Let u = -9 - -1. What are the prime factors of o(u)?
31
Let g(j) = -11*j + 1. Let w be g(-1). Suppose 29 = x + w. What are the prime factors of x?
17
Suppose 3*y - 136 = 101. What are the prime factors of y?
79
Suppose -4*q = 3*j + 39, 17 = -4*q + j - 2. Let c(z) be the first derivative of -z**4/4 - 5*z**3/3 + 5*z**2/2 + 5*z + 6. What are the prime factors of c(q)?
11
Suppose 0*i - i + 10 = 0. Suppose -l = -15 - i. List the prime factors of l.
5
Let c(u) be the second derivative of -2*u**2 + 0 + 1/6*u**3 + 2*u. List the prime factors of c(7).
3
Let i = -4 + 6. Suppose 0*h - 26 = -i*h. List the prime factors of h.
13
Let y(t) = 10*t**2 - 2*t - 1. Let c be y(-1). What are the prime factors of -2*(-1 - c/2)?
13
Let h(u) = -u. Let r be h(-5). Suppose s = 8 - r. Suppose y = 4*n - 37, -s = y + 2*y. List the prime factors of n.
3
Let y be (-18)/(-12) - (-6)/4. Suppose 6*n + 152 = y*z + 2*n, 39 = z + n. What are the prime factors of z?
2, 11
Let c = -80 - -141. Suppose -2 = z - 6, 0 = -5*t - 4*z + c. What are the prime factors of t?
3
Suppose 0 = 2*i - 34 - 36. Suppose 6 = 3*j - 6*j. What are the prime factors of (i/(-20))/(j/8)?
7
Let n(d) = -2*d - 15. Let i be n(-10). Let p(g) = 6 + 5 + 4*g - i*g. List the prime factors of p(-10).
3, 7
Let q = -187 - -344. What are the prime factors of q?
157
Let a = 1 - -2. Suppose 11 = m + r - 0, -r = -a*m + 49. What are the prime factors of m?
3, 5
Suppose -4*a + 0*a = -184. What are the prime factors of a?
2, 23
Let r(p) = -p**3 - 13*p**2 + 7*p - 9. Let h(j) = -j**3 - 14*j**2 + 6*j - 8. Let u(c) = -2*h(c) + 3*r(c). What are the prime factors of u(-12)?
5
Suppose 3*q - 7*q + 21 = -3*z, 2*z + q + 3 = 0. Suppose -k + c - 26 = -0*c, 4*c = -3*k - 64. What are the prime factors of (0 - k/(-9))*z?
2
Let g(f) = -8*f + 323. List the prime factors of g(0).
17, 19
Let r = 0 - 2. Let a = r + 10. List the prime factors of a.
2
Suppose -i + 17 = -15. Suppose 3*n + n = i. List the prime factors of n.
2
Suppose 3*x - 2*x = 6. Let h(j) = j**3 - 3*j**2 - 4*j + 1. Let p be h(4). List the prime factors of p*2 + (8 - x).
2
Let c = -343 + 547. List the prime factors of c.
2, 3, 17
Suppose 0 = 5*m + 32 + 13. Let y(x) = -x - 6. Let w be y(m). Suppose 0 = -5*r + w*o + 56, 4*r - 4*o - 48 = -0*o. List the prime factors of r.
2, 5
Let r = 9 + 4. Suppose 2*c - r = c. What are the prime factors of c?
13
Let h = -8 + 33. List the prime factors of h.
5
List the prime factors of 1519/28 - 2/8.
2, 3
Let h = 131 - 77. What are the prime factors of h?
2, 3
Let r = 16 - 9. Let s = r + -4. Suppose 0 = 4*g + 12, 2*a - s*g - 30 = 3. List the prime factors of a.
2, 3
List the prime factors of 26 - 1*(-9)/(-3).
23
Let g = -16 + 41. List the prime factors of g.
5
Let f(p) = -6*p - 10. What are the prime factors of f(-17)?
2, 23
Let r be 8/(-5)*10/(-4). Suppose 33 = 4*s + 9. List the prime factors of 4/(r/s*1).